 7, what is -302 + 1?
-301
In base 5, what is 2044 - 112?
1432
In base 2, what is 101 - -1010011?
1011000
In base 15, what is -3 + -aa?
-ad
In base 8, what is -45 - 3?
-50
In base 6, what is 21 + -134?
-113
In base 7, what is -20 - 1012?
-1032
In base 8, what is -1 - -67?
66
In base 12, what is -1b4 - 1?
-1b5
In base 6, what is -44212 + -3?
-44215
In base 8, what is 124 - 240?
-114
In base 6, what is -150 - -5?
-141
In base 5, what is 2 - -110320?
110322
In base 12, what is 251 + -2?
24b
In base 5, what is -1132 - 411?
-2043
In base 13, what is -4 - -7?
3
In base 8, what is -3 - -12736?
12733
In base 9, what is 37 - 2?
35
In base 9, what is 37 - 36?
1
In base 12, what is -10 + 5a?
4a
In base 13, what is -162 - -2?
-160
In base 14, what is -8 + 3c?
34
In base 12, what is -3a + 4?
-36
In base 16, what is -4 + 691?
68d
In base 9, what is 8002 + 3?
8005
In base 11, what is -30 - 66?
-96
In base 5, what is 111 + -4?
102
In base 9, what is -2 + -5220?
-5222
In base 15, what is -3 - -b6?
b3
In base 7, what is 35 + 1?
36
In base 15, what is -159e + 4?
-159a
In base 2, what is -10000100 + -1001011?
-11001111
In base 2, what is 101 + -1001101011?
-1001100110
In base 12, what is 2b9 - 2?
2b7
In base 14, what is -4 + -30?
-34
In base 5, what is 11013 + -11?
11002
In base 3, what is -221 - 12222?
-20220
In base 15, what is 12 + -1?
11
In base 3, what is 1200022000 + 2?
1200022002
In base 12, what is -13 - -194?
181
In base 9, what is -178 + 3?
-175
In base 3, what is 20020 - 10?
20010
In base 6, what is 13 - -11453?
11510
In base 13, what is -283b - 1?
-283c
In base 11, what is 2 - 169?
-167
In base 8, what is 3270 + 1?
3271
In base 11, what is 235 + 14?
249
In base 7, what is 3 + 12466?
12502
In base 7, what is 5 - -26336?
26344
In base 8, what is -30353 + 5?
-30346
In base 12, what is 14 - 10?
4
In base 13, what is -2c + 84?
55
In base 8, what is -102 - -25?
-55
In base 6, what is -45513 - -5?
-45504
In base 3, what is 110012210 - 10?
110012200
In base 9, what is 1 - -6868?
6870
In base 15, what is -47 - 0?
-47
In base 16, what is -23f + 16?
-229
In base 4, what is -110 - 3111?
-3221
In base 5, what is 30 - -11?
41
In base 10, what is -21 + -1?
-22
In base 6, what is -2 + 14?
12
In base 16, what is 245 + 1?
246
In base 13, what is 9 - -296?
2a2
In base 16, what is ab + 2?
ad
In base 3, what is 2 + 11011?
11020
In base 3, what is -11202 + 1211?
-2221
In base 3, what is 112211 + 2?
112220
In base 2, what is 1100000101100 + 0?
1100000101100
In base 14, what is -4 + -8b9?
-8bd
In base 10, what is 17 - -5?
22
In base 15, what is -38 + e?
-29
In base 15, what is -71 - 15?
-86
In base 2, what is -100 + 110001101?
110001001
In base 6, what is -35 - -21?
-14
In base 13, what is -55 + 12?
-43
In base 16, what is 16f + -5?
16a
In base 7, what is 454 - -2?
456
In base 10, what is 92 + 3?
95
In base 10, what is -41 - -449?
408
In base 7, what is 24 + -226?
-202
In base 11, what is 28 + 2a?
57
In base 8, what is -11 + -101?
-112
In base 16, what is 28 - 3?
25
In base 6, what is -2 - -225?
223
In base 16, what is -10 - -b?
-5
In base 11, what is -15 + -655?
-66a
In base 5, what is -3340 + -3?
-3343
In base 5, what is 44 + 230?
324
In base 16, what is 2 - 30b?
-309
In base 11, what is -42 + -4?
-46
In base 5, what is 432 + -23?
404
In base 13, what is c3 + -7?
b9
In base 13, what is a3 + -6?
9a
In base 9, what is -22 + -11?
-33
In base 10, what is 22 - 1146?
-1124
In base 9, what is -121 - 3?
-124
In base 3, what is 20 - 2102?
-2012
In base 6, what is 440 - 4?
432
In base 5, what is 4 + 202?
211
In base 6, what is -45 - -223?
134
In base 11, what is -5 - -1050?
1046
In base 11, what is 6 + -142?
-137
In base 7, what is -12 - -103?
61
In base 3, what is 1200122122 - 1?
1200122121
In base 13, what is 7 + 21?
28
In base 10, what is -11 - -8?
-3
In base 16, what is 1 - -222?
223
In base 2, what is 0 - -110100110?
110100110
In base 7, what is -25 + 10?
-15
In base 15, what is -6 + ad?
a7
In base 2, what is -10110100 - -10?
-10110010
In base 5, what is -122 + -4?
-131
In base 3, what is -101 - 2110?
-2211
In base 2, what is -11 - 11111100?
-11111111
In base 4, what is 10 + -12123?
-12113
In base 2, what is 101 + 1110?
10011
In base 7, what is -1352 - -3?
-1346
In base 15, what is -683 - -2?
-681
In base 5, what is 20 + -43?
-23
In base 12, what is -3b7 - 0?
-3b7
In base 13, what is -6 - -2a?
24
In base 11, what is -3 + -494?
-497
In base 3, what is -1111112 - 2?
-1111121
In base 5, what is 1040 + -30?
1010
In base 4, what is 102112 - 3?
102103
In base 4, what is 11323 - -1?
11330
In base 13, what is 434 + 6?
43a
In base 9, what is 224 + -10?
214
In base 4, what is 100 + 30?
130
In base 14, what is 16 - -85d?
875
In base 12, what is -1ba1 + 1?
-1ba0
In base 9, what is 116 - 4?
112
In base 5, what is -3422 + 2?
-3420
In base 2, what is -11011000 - 0?
-11011000
In base 4, what is -221122 - 10?
-221132
In base 13, what is 553 - 5?
54b
In base 9, what is 14275 + 1?
14276
In base 12, what is -4 + -25?
-29
In base 3, what is -20 + -2201?
-2221
In base 16, what is 3fd - 1?
3fc
In base 9, what is -1001 + -5?
-1006
In base 8, what is -437 - -2?
-435
In base 2, what is -11001110011 - 0?
-11001110011
In base 13, what is -4 + 21?
1a
In base 10, what is -34 - 305?
-339
In base 4, what is -101 - 103?
-210
In base 2, what is 111 - -1011010?
1100001
In base 8, what is -5 - 25?
-32
In base 14, what is -1512 + -1?
-1513
In base 3, what is -1120002 + -2?
-1120011
In base 6, what is -5045 + -5?
-5054
In base 4, what is 232 - -11?
303
In base 2, what is -101 + -1001011101?
-1001100010
In base 5, what is 13244 + 2?
13301
In base 14, what is 3 - -43b?
440
In base 8, what is -2 - 2060?
-2062
In base 10, what is -4 + 64?
60
In base 5, what is -1020 + 120?
-400
In base 8, what is -17 + -22?
-41
In base 7, what is -5305 - 2?
-5310
In base 10, what is 4 + 120?
124
In base 12, what is 0 - -645?
645
In base 8, what is 22426 + -2?
22424
In base 4, what is 1203 + -3?
1200
In base 8, what is -356 + -20?
-376
In base 8, what is -354 + 14?
-340
In base 6, what is 11211 + 2?
11213
In base 5, what is 144 - 0?
144
In base 7, what is 5 + -4?
1
In base 6, what is 5 + -10242?
-10233
In base 14, what is -2c - 1a3?
-1d1
In base 7, what is 304 + -5?
266
In base 11, what is 4 - 394?
-390
In base 4, what is 0 + 3312?
3312
In base 4, what is 111000 - -11?
111011
In base 6, what is 40 + -33?
3
In base 5, what is -10 + 110?
100
In base 13, what is -35 + 4?
-31
In base 16, what is -94 + -26?
-ba
In base 15, what is 2 - -53d?
540
In base 8, what is -1072 - -10?
-1062
In base 15, what is -e - -35?
26
In base 11, what is 2 - -215?
217
In base 14, what is 27 - bd?
-96
In base 7, what is 22026 + -1?
22025
In base 5, what is -12 + -20244?
-20311
In base 6, what is -12321 - 5?
-12330
In base 15, what is -23 - -2?
-21
In base 2, what is 11001000 - 100001?
10100111
In base 8, what is 25 + 12?
37
In base 13, what is 4 + 2b?
32
In base 2, what is 10 + 100011011111?
100011100001
In base 12, what is -5 - -376?
371
In base 9, what is -2205 - 2?
-2207
In base 4, what is 132 + -201?
-3
In base 14, what is 2a8 + 3?
2ab
In base 3, what is -1 + 1012?
1011
In base 5, what is -12431 - -12?
-12414
In base 12, what is -94 + -54?
-128
In base 10, what is 8 - -59?
67
In base 11, what is 107 - -20?
127
In base 15, what is -42a - 6?
-431
In base 8, what is -52736 - 2?
-52740
In base 9, what is -5 + 5042?
5036
In base 8, what is -514 - -35?
-457
In base 9, what is 28 + -37?
-8
In base 7, what is -5 - -15?
10
In base 7, what is 26 + 105?
134
In base 3, what is 10011 + 12?
10100
In base 10, what is 2 - 184?
-182
In base 8, what is -6721 + 4?
-6715
In base 10, what is -2416 + 1?
-2415
In base 15, what is 97 - 2?
95
In base 12, what is -4 - -6b6?
6b2
In base 11, what is 5 - -7109?
7113
In base 5, what is -4 + 3?
-1
In base 9, what is 4 + -14542?
-14537
In base 11, what is -3 + -587?
-58a
In base 9, what is 4 - 53?
-48
In base 7, what is -41 + -133?
-204
In base 6, what is 1350 - 2?
1344
In base 10, what is -423 + 2?
-421
In base 10, what is -314 - -35?
-279
In base 12, what is 10 + -8?
4
In base 13, what is -6190 - -3?
-618a
In base 16, what is -19 + -9d?
-b6
In base 5, what is 0 - 122?
-122
In base 15, what is -4 + -5b?
-60
In base 14, what is 2 + -91